
What are the prime factors of 1529914022?
2, 7, 13, 1831, 4591
List the prime factors of 4319416681.
197, 21925973
What are the prime factors of 791030?
2, 5, 79103
What are the prime factors of 171220421?
171220421
What are the prime factors of 63858139?
43, 853, 1741
What are the prime factors of 3665610989?
3665610989
List the prime factors of 118574605.
5, 23714921
What are the prime factors of 6574160252?
2, 11, 41, 3644213
List the prime factors of 1372483782.
2, 3, 2417, 31547
List the prime factors of 325076098.
2, 6271, 25919
What are the prime factors of 1356343509?
3, 41, 251, 43933
List the prime factors of 62367886.
2, 7, 636407
What are the prime factors of 25843274?
2, 31, 101, 4127
What are the prime factors of 164098242?
2, 3, 7, 11, 197, 601
List the prime factors of 3153797658.
2, 3, 11, 15928271
What are the prime factors of 140743691?
11, 383, 3037
List the prime factors of 376126162.
2, 31, 6066551
What are the prime factors of 214424394?
2, 3, 61, 509, 1151
List the prime factors of 154114961.
7, 11, 13, 29, 5309
List the prime factors of 139004684.
2, 7, 13, 19, 101, 199
List the prime factors of 104971957.
17, 6174821
List the prime factors of 234393592.
2, 29299199
What are the prime factors of 1945166435?
5, 17, 22884311
What are the prime factors of 228829331?
19, 2069, 5821
What are the prime factors of 5810104?
2, 389, 1867
List the prime factors of 41305053.
3, 17, 809903
List the prime factors of 164499673.
13, 67, 188863
What are the prime factors of 252605377?
252605377
What are the prime factors of 63092322?
2, 3, 3505129
List the prime factors of 622596349.
1447, 430267
List the prime factors of 1204148757.
3, 7, 37, 1549741
What are the prime factors of 8437826?
2, 23, 59, 3109
What are the prime factors of 50693148?
2, 3, 11, 71, 601
What are the prime factors of 25586733?
3, 8528911
List the prime factors of 2156875697.
17, 126875041
List the prime factors of 700542401.
13, 53887877
List the prime factors of 29691355.
5, 409, 14519
What are the prime factors of 522309338?
2, 193, 1353133
What are the prime factors of 4798069?
43, 241, 463
List the prime factors of 144117656.
2, 18014707
List the prime factors of 92828174.
2, 163, 284749
What are the prime factors of 791999894?
2, 7, 23, 211, 11657
List the prime factors of 206439333.
3, 68813111
List the prime factors of 404916434.
2, 13, 15573709
What are the prime factors of 97464530?
2, 5, 109, 89417
What are the prime factors of 3049665119?
3049665119
List the prime factors of 38007955.
5, 541, 14051
List the prime factors of 564442699.
31, 61, 421, 709
List the prime factors of 2472349669.
347, 883, 8069
List the prime factors of 18019392.
2, 3, 93851
What are the prime factors of 1224008753?
11, 111273523
List the prime factors of 825499771.
825499771
List the prime factors of 677220741.
3, 1439, 52291
List the prime factors of 20862106.
2, 487, 21419
What are the prime factors of 160355535?
3, 5, 19, 562651
List the prime factors of 141349231.
419, 337349
List the prime factors of 2053991276.
2, 19, 2753, 9817
What are the prime factors of 119308403?
5039, 23677
What are the prime factors of 93563416?
2, 613, 19079
What are the prime factors of 2555836653?
3, 73, 11670487
List the prime factors of 978027562.
2, 489013781
List the prime factors of 74752272.
2, 3, 7, 74159
List the prime factors of 4979688.
2, 3, 7, 29641
List the prime factors of 355329905.
5, 7, 31, 327493
List the prime factors of 5819769.
3, 71849
What are the prime factors of 253799189?
7, 36257027
List the prime factors of 19753812.
2, 3, 13, 42209
List the prime factors of 410694440.
2, 5, 13, 23, 1493
List the prime factors of 1709696174.
2, 109, 7842643
What are the prime factors of 538530418?
2, 23, 47, 249089
List the prime factors of 5156966934.
2, 3, 7, 29, 283, 4987
What are the prime factors of 1391458818?
2, 3, 3299, 70297
List the prime factors of 132911151.
3, 17, 43, 60607
List the prime factors of 254047439.
17, 37, 41, 9851
What are the prime factors of 848470023?
3, 19, 23, 29, 43, 173
List the prime factors of 436342276.
2, 167, 653207
What are the prime factors of 2766353635?
5, 23, 1777, 13537
List the prime factors of 30640451.
4919, 6229
List the prime factors of 4149045286.
2, 2074522643
List the prime factors of 4856671384.
2, 17, 601, 59419
What are the prime factors of 82709990?
2, 5, 11, 751909
What are the prime factors of 221251860?
2, 3, 5, 37, 139, 239
List the prime factors of 729388667.
7, 2671, 5573
List the prime factors of 9855079.
13, 758083
List the prime factors of 182142071.
182142071
List the prime factors of 174393950.
2, 5, 37, 107, 881
List the prime factors of 267401708.
2, 7, 1061, 9001
What are the prime factors of 227821?
11, 139, 149
What are the prime factors of 441988554?
2, 3, 7, 61, 172517
List the prime factors of 2905576673.
1109, 2619997
List the prime factors of 5303010065.
5, 23, 46113131
List the prime factors of 1034416477.
179, 683, 8461
What are the prime factors of 916367524?
2, 17, 181, 74453
What are the prime factors of 141402215?
5, 701, 40343
List the prime factors of 123090242.
2, 11, 1151, 4861
What are the prime factors of 194790486?
2, 3, 11, 2951371
List the prime factors of 2222400464.
2, 138900029
List the prime factors of 6399696558.
2, 3, 1066616093
What are the prime factors of 339027045?
3, 5, 7, 3228829
List the prime factors of 306916096.
2, 17, 109, 647
What are the prime factors of 1203032384?
2, 18797381
What are the prime factors of 205215897?
3, 1123, 60913
What are the prime factors of 484251887?
7, 1789, 38669
List the prime factors of 1075538965.
5, 215107793
What are the prime factors of 2347627505?
5, 317, 1481153
List the prime factors of 85797820.
2, 5, 23, 37, 71
List the prime factors of 930877633.
7, 59, 2253941
List the prime factors of 1526302552.
2, 2647, 72077
What are the prime factors of 32126605?
5, 7, 131129
List the prime factors of 4210708523.
7, 181, 223, 2129
What are the prime factors of 623872487?
7, 53, 1681597
What are the prime factors of 385691659?
19, 4051, 5011
List the prime factors of 2283778489.
6211, 367699
What are the prime factors of 11006384?
2, 109, 6311
What are the prime factors of 438405197?
17, 331, 4583
What are the prime factors of 102509230?
2, 5, 10250923
What are the prime factors of 120037833?
3, 17, 784561
List the prime factors of 135868950.
2, 3, 5, 7, 43133
List the prime factors of 429209050.
2, 5, 19, 451799
List the prime factors of 136605749.
7, 1117, 17471
What are the prime factors of 8278907?
7, 13, 90977
What are the prime factors of 70461440?
2, 5, 7, 983
What are the prime factors of 85686639?
3, 61, 79, 5927
What are the prime factors of 10611033?
3, 661, 5351
List the prime factors of 816293901.
3, 1103, 246689
List the prime factors of 316983381.
3, 11, 13, 738889
List the prime factors of 4025232207.
3, 4111, 108793
List the prime factors of 90961202.
2, 45480601
List the prime factors of 909784402.
2, 1307, 348043
What are the prime factors of 37384589?
11, 3398599
List the prime factors of 1260814155.
3, 5, 84054277
What are the prime factors of 419683105?
5, 83936621
What are the prime factors of 17085393?
3, 13, 47, 239
List the prime factors of 1992136124.
2, 11, 45275821
List the prime factors of 7549853023.
3257, 2318039
List the prime factors of 44392984.
2, 17, 191, 1709
List the prime factors of 2429634721.
487, 4988983
What are the prime factors of 178600762?
2, 107, 241, 3463
What are the prime factors of 201741072?
2, 3, 13, 271, 1193
List the prime factors of 203715270.
2, 3, 5, 11, 113, 607
What are the prime factors of 5684503941?
3, 73, 541, 1777
What are the prime factors of 339468834?
2, 3, 73, 775043
List the prime factors of 617795551.
211, 2927941
List the prime factors of 119871429.
3, 773, 51691
What are the prime factors of 689444013?
3, 19, 12095509
What are the prime factors of 28141975?
5, 1125679
List the prime factors of 1625990.
2, 5, 277, 587
List the prime factors of 2084725397.
1597, 1305401
List the prime factors of 1814016760.
2, 5, 37, 1225687
What are the prime factors of 382296130?
2, 5, 211, 181183
List the prime factors of 6918608032.
2, 7, 97, 318419
List the prime factors of 42277